n factor of 36 and b.
4
Let f = -1364 - -1967. Calculate the greatest common factor of f and 67.
67
Let p = -2250 - -2538. Let q be 4*(1 + -13)/(-1). What is the highest common divisor of p and q?
48
Let s be -177*(1/6)/((-8)/16). Calculate the greatest common divisor of s and 590.
59
Let s(j) = -16*j + 3 - 11 + 15 + 17 - j**2. Let y be s(-15). What is the highest common divisor of y and 13?
13
Let d(c) = 5*c**2 - 43*c - 13. Let p be d(10). What is the greatest common factor of p and 6?
3
Let y = 30 - 29. Suppose l = 4 + y. What is the greatest common factor of 2 and l?
1
Let x(f) be the first derivative of -f**2/2 + 10*f + 11. Let p be x(3). Calculate the greatest common divisor of p and 91.
7
Let i be (-131)/(-4) + (-2)/(-8). Let v = 173 - 140. Calculate the greatest common divisor of i and v.
33
Suppose -33*i - 631 = -2083. Let w = 40 + -29. What is the highest common factor of i and w?
11
Suppose 61 = o - 23. What is the highest common divisor of 609 and o?
21
Suppose -3*l - p + 4435 = 0, -4441 = -77*l + 74*l + 2*p. What is the highest common factor of l and 51?
51
Let d = -6 - -106. Let k = d - -225. What is the greatest common divisor of 13 and k?
13
Let s(w) = 2*w**3 + 25*w**2 - 45*w - 25. Let f be s(-14). Calculate the greatest common divisor of 425 and f.
17
Let l(h) = h**3 + 12*h**2 - 8*h - 9. Let k be l(-12). Calculate the highest common factor of k and 232.
29
Suppose -3*z + 289 = 4*g + 49, 0 = 5*g - 5*z - 300. Calculate the greatest common factor of 228 and g.
12
Suppose 0 = -2*r - 10, 3*d + 127 = -0*d - 5*r. Let u = d - -48. What is the greatest common factor of 63 and u?
7
Suppose 27*l - 459 = -24*l. What is the greatest common divisor of 81 and l?
9
Let q = -17 + 20. Suppose z - 56 = -3*b, -148 = -q*z + b - 0*b. Suppose z = 5*u + 15. Calculate the greatest common divisor of u and 28.
7
Let u be 8/12 + (-40)/(-3). Suppose -u*g + 23 = -13*g. Calculate the greatest common divisor of 161 and g.
23
Let i(a) = -8*a**2 - 6 - a + 6*a**2 + 3*a**2 + 0*a. Let s be i(7). Suppose 0*l - 40 = -5*l + 4*k, 55 = 5*l - k. What is the highest common divisor of l and s?
12
Let t be (-18)/(24/8) + (-2 - -697). What is the highest common divisor of 106 and t?
53
Let g(n) = n**3 - 5*n**2 - 2. Let h be g(7). Let s be h*3*(-21)/(-28). Suppose -135 = o - 6*o. What is the greatest common divisor of s and o?
27
Let d be (((-2775)/(-10))/(-5))/(3/(-8)). Suppose -180 + d = -4*p. What is the greatest common factor of 12 and p?
4
Suppose 0 = -z - 2*o + 377, -2*z + o = -1045 + 286. Suppose 5*s - 5*k = 565, -3*k = 4*s - z - 52. What is the greatest common divisor of 10 and s?
10
Suppose -3*y + 4334 = 2*c + 378, -3*c - 2*y = -5924. Calculate the greatest common factor of 232 and c.
116
Let i(f) = -2*f**2 + 35*f + 1. Let l be (-66)/(-4) - (-16)/32. Let u be i(l). Calculate the highest common divisor of u and 144.
18
Suppose -4*z - 5*o = -80, 0 = -4*z + 23*o - 22*o + 80. What is the highest common factor of z and 12?
4
Suppose -15*h + 903 - 363 = 0. What is the highest common divisor of h and 60?
12
Let j = 72 - 72. Suppose j = 3*u + 8*u - 528. What is the highest common factor of 240 and u?
48
Let q(b) = 17*b - 24. Let s be q(2). Let m be (10/(-8))/((-4)/(-16)). Let g = m + 25. What is the highest common factor of g and s?
10
Let n(p) = -p**3 - 4*p**2 + 14. Let o be n(-4). Suppose 0 = 8*j - 4*j - 876. Let g = 317 - j. Calculate the highest common divisor of o and g.
14
Let w(m) = -m + 20. Suppose -6*l + 11*l = 0. Let i be w(l). Suppose 0*k - 134 = -q + 2*k, -2*q + 277 = -k. Calculate the highest common divisor of i and q.
20
Suppose -4*c + 5*s + 67 = 0, 0*s + 3*s = -9. Suppose 4 = k - c. Suppose 4*v - q = 209, 6*v - 2*v - 179 = -5*q. What is the greatest common divisor of v and k?
17
Let s(m) = -m + 54. Let d be s(44). What is the greatest common divisor of 1205 and d?
5
Let j = -1159 + 1161. What is the greatest common factor of 27 and j?
1
Let v(r) = -r**2 - 15*r - 8. Let g be v(-14). Let o be (7 + -15)/((-4)/g). What is the greatest common factor of o and 132?
12
Let y be (-370)/(-25) - (-20)/(-25). Suppose -y*x = -13*x - 208. What is the greatest common divisor of x and 52?
52
Let u be (-3)/12 + (-129)/(-4). Suppose 0 = 28*a - 34*a + 576. Calculate the greatest common divisor of u and a.
32
Suppose 3*r - 37 = -7. Suppose -2*m - 3*m + 5*h = -55, 35 = 4*m + 5*h. What is the highest common factor of m and r?
10
Let s be (-33)/55*(-20 - 0). Let l = 11 + -7. Calculate the highest common divisor of s and l.
4
Let b(n) = 3*n**2 - 2*n - 5. Let y be b(5). Let c be (-4)/(-12) + 59*(-4)/(-12). What is the greatest common divisor of y and c?
20
Let j be 4/(4 + -2 - 3). Let g be -15 + (-3 - j) + 2. Let k be (6 + 0)/(g/(-40)). What is the highest common divisor of k and 50?
10
Let c be ((-5 - 1) + 1)*-1. Let q = -3 + c. Suppose -q*w + 2 - 119 = -5*b, -b + 18 = 5*w. Calculate the greatest common divisor of b and 161.
23
Suppose 4*q + 3*r - 4 = 25, -2*q + 1 = -3*r. What is the highest common divisor of q and 105?
5
Let i be (8/12 - (-5)/(-3))/1. Let d be 6 - -2*2/i. Calculate the greatest common divisor of d and 14.
2
Let c(i) = 3*i - 13. Let w be (-2 - -4)/(2/5). Suppose 4*t - 2*d = -w + 45, t - 10 = 2*d. Let s be c(t). Calculate the highest common divisor of s and 17.
17
Let d(a) = -a. Let v(h) = 66*h + 1. Let y(g) = -6*d(g) + 2*v(g). Let f be y(1). Let c = 293 - f. What is the highest common divisor of c and 17?
17
Suppose -19 = 4*t + 13. Let y be 132/t*2/(-3). Calculate the highest common factor of y and 1.
1
Let f be (-1)/2 + (2 - 63/6). Let w be (-9)/f*(25 - 2). Calculate the highest common factor of 207 and w.
23
Suppose -4*p - 2*b + 64 + 120 = 0, -p + 46 = -3*b. What is the highest common divisor of p and 1472?
46
Let i be 4/(-14) + (-60)/(-14). Let s(g) = 28*g + 17. Let n be s(4). Let t = n - 89. What is the greatest common divisor of t and i?
4
Let c = -6 + 41. Let g = -4 + 1. Let i be 0 - -1 - (g - 1). What is the greatest common factor of i and c?
5
Let b be -12 + 49*6/21. Calculate the highest common factor of 64 and b.
2
Let o(x) = -3*x**3 - 2*x**2 + 2. Let y be o(-2). Suppose y = q - 30. Let g(p) = -p**3 + p + 6. Let k be g(-2). What is the greatest common factor of k and q?
12
Let j(c) be the first derivative of -c**4/4 + 5*c**3 + 2*c**2 - 20*c - 20. Let r be j(15). What is the highest common divisor of 10 and r?
10
Let d = 242 - 110. Suppose y - 6*y - 14 = 4*v, y - 5*v - 3 = 0. Let o(b) = 3*b**2 - b - 2. Let s be o(y). What is the highest common divisor of d and s?
12
Let z(m) = -m**2 - 9*m. Let d be z(-8). Suppose -5*w + 3*q - 4 = 0, -d = 5*w - 5*q + 2. Suppose 4*r = w + 3. Calculate the greatest common divisor of r and 11.
1
Let g(y) = y - 6. Let l be g(8). Suppose x + 10 = -3*q, -2*x = 4*q - 9*q - 35. Suppose -d + x = -0. What is the highest common factor of l and d?
1
Suppose 5*r = -0*r + 460. Let i(z) = -18*z. Let v be i(1). Let g = 5 - v. Calculate the highest common factor of g and r.
23
Let z be (104 + -4)*(-4)/(-10). Let a be (-21)/(-6)*40/7. What is the highest common factor of a and z?
20
Let v be ((-28)/(-105)*-24)/(1/(-5)). Suppose 3 = n - g, 2*n - 4*g = n. Calculate the greatest common divisor of n and v.
4
Let t = 23 - 14. Suppose 0 = -3*r - t, -2*n - r + 8 = r. Suppose 16 = -2*h + 44. Calculate the highest common divisor of h and n.
7
Let a be (-133)/(-5) - ((-56)/(-35) - 2). What is the highest common factor of a and 15?
3
Let m = -9 - -27. Suppose 0 = 17*c - m*c. Suppose c = -0*v - 3*v + 81. Calculate the greatest common factor of 189 and v.
27
Let v = -57 + 52. Let x(y) = 6 + 0 + 4*y**2 + 2*y + 0*y. Let i be x(v). What is the greatest common divisor of 12 and i?
12
Let b be 3 + (-5 - (4 + -12)). Let k(a) = 9*a - 18. Let z be k(b). Suppose -s - 2*h + 7*h = -9, -h = -s + 9. What is the greatest common factor of s and z?
9
Let y(p) = p + 7 + 2*p + 2 + 3*p**2. Suppose -2*q + 23 = -g + 6, 8 = 2*q. Let h be y(g). Calculate the highest common factor of 25 and h.
25
Suppose 6*z - 752 = -638. Let q(w) = -w**3 + 5*w**2 + 3. Let n be q(4). What is the greatest common divisor of z and n?
19
Suppose 2*t - 7*t - 25 = 0. Let u be (-7)/((20/16)/t). What is the highest common divisor of 42 and u?
14
Let t(h) = 4*h. Let y be -1*(-2 + 0)/2. Let j be t(y)